{"id":1324,"date":"2020-09-07T16:00:56","date_gmt":"2020-09-07T14:00:56","guid":{"rendered":"http:\/\/protec-in.com\/?post_type=product&#038;p=1324"},"modified":"2020-09-07T16:00:56","modified_gmt":"2020-09-07T14:00:56","slug":"cable-incendie-cr1c1-2-x-9-10","status":"publish","type":"product","link":"https:\/\/protec-in.com\/?product=cable-incendie-cr1c1-2-x-9-10","title":{"rendered":"C\u00e2ble Incendie CR1C1 2 x 9\/10"},"content":{"rendered":"<p>C\u00e2ble Incendie Haute R\u00e9sistance au feu CR1C1 2 x 9\/10 avec Ecran Touret de 500 m\u00e8tres Couleur Orange (Vente au m\u00e8tre lin\u00e9aire possible, pri\u00e8re nous consulter)<\/p>\n","protected":false},"excerpt":{"rendered":"<p>C\u00e2ble Incendie Haute R\u00e9sistance au feu CR1C1 2 x 9\/10 avec Ecran Touret de 500 m\u00e8tres Couleur Orange (Vente au m\u00e8tre lin\u00e9aire possible, pri\u00e8re nous consulter)<\/p>\n","protected":false},"featured_media":1325,"template":"","meta":[],"product_cat":[38],"product_tag":[],"_links":{"self":[{"href":"https:\/\/protec-in.com\/index.php?rest_route=\/wp\/v2\/product\/1324"}],"collection":[{"href":"https:\/\/protec-in.com\/index.php?rest_route=\/wp\/v2\/product"}],"about":[{"href":"https:\/\/protec-in.com\/index.php?rest_route=\/wp\/v2\/types\/product"}],"wp:featuredmedia":[{"embeddable":true,"href":"https:\/\/protec-in.com\/index.php?rest_route=\/wp\/v2\/media\/1325"}],"wp:attachment":[{"href":"https:\/\/protec-in.com\/index.php?rest_route=%2Fwp%2Fv2%2Fmedia&parent=1324"}],"wp:term":[{"taxonomy":"product_cat","embeddable":true,"href":"https:\/\/protec-in.com\/index.php?rest_route=%2Fwp%2Fv2%2Fproduct_cat&post=1324"},{"taxonomy":"product_tag","embeddable":true,"href":"https:\/\/protec-in.com\/index.php?rest_route=%2Fwp%2Fv2%2Fproduct_tag&post=1324"}],"curies":[{"name":"wp","href":"https:\/\/api.w.org\/{rel}","templated":true}]}}